{"id":23,"date":"2016-10-20T07:01:44","date_gmt":"2016-10-20T05:01:44","guid":{"rendered":"http:\/\/mobileaccessible.fr\/?page_id=23"},"modified":"2017-01-25T12:41:09","modified_gmt":"2017-01-25T11:41:09","slug":"nos-engagements","status":"publish","type":"page","link":"https:\/\/mobileaccessible.fr\/?page_id=23","title":{"rendered":"Nos engagements"},"content":{"rendered":"<p><strong><em>Mobil&amp;Accessible<\/em><\/strong>\u00a0a une mission d&rsquo;<strong>expertise en accessibilit\u00e9 et en mobilit\u00e9 pour tous en proposant \u00e0 la fois des\u00a0conseils et de la vente de mat\u00e9riel adapt\u00e9<\/strong>.<\/p>\n<p>Fort de 17 ann\u00e9es dans le secteur automobile, je suis convaincu que\u00a0<strong>des\u00a0solutions de mobilit\u00e9 existent pour donner \u00e0 chacun le droit de vivre en toute autonomie<\/strong>, ce qui n&rsquo;est pas le cas de nombreuses personnes qui sont confront\u00e9es \u00e0 des environnements ou des objets mal adapt\u00e9s. Agir pour la mobilit\u00e9 et l\u2019accessibilit\u00e9 de tous consiste \u00e0 travailler sur la conception et la distribution de produits innovants en pr\u00f4nant l\u2019usage pour tous (\u00ab <a href=\"http:\/\/www.conceptionuniverselle.com\/\" target=\"_blank\">conception universelle<\/a> \u00bb)\u00a0ou en d\u00e9veloppant des adaptations\u00a0permettant de faciliter leur autonomie.<\/p>\n<p>Cette vision fait sens et est partag\u00e9e par toute l\u2019\u00e9quipe.<\/p>\n<p>Notre d\u00e9marche se veut d&rsquo;\u00eatre\u00a0<strong>une vente \u00ab\u00a0cl\u00e9 en main\u00a0\u00bb<\/strong>\u00a0avec\u00a0:<\/p>\n<ul>\n<li>une analyse approfondie <strong>des besoins et des attentes<\/strong> des clients,<\/li>\n<li>la pr\u00e9sentation d\u2019une offre pertinente de <strong>produits\u00a0<\/strong><strong>adapt\u00e9s, personnalisables et valorisant <\/strong>qui r\u00e9pondent \u00e0 ces besoins,<\/li>\n<li>un\u00a0<strong>accompagnement dans toutes les d\u00e9marches<\/strong>,<\/li>\n<li>l\u2019assurance d\u2019un\u00a0<strong>SAV*<sup>5<\/sup>\u00a0<\/strong>sur les produits<\/li>\n<\/ul>\n<p style=\"text-align: right;\"><img decoding=\"async\" loading=\"lazy\" class=\"wp-image-72 alignright\" src=\"http:\/\/mobileaccessible.fr\/wp-content\/uploads\/2016\/10\/2016-Fabien-THIRIEZ-213x300.jpg\" alt=\"2016-fabien-thiriez\" width=\"123\" height=\"173\" srcset=\"https:\/\/mobileaccessible.fr\/wp-content\/uploads\/2016\/10\/2016-Fabien-THIRIEZ-213x300.jpg 213w, https:\/\/mobileaccessible.fr\/wp-content\/uploads\/2016\/10\/2016-Fabien-THIRIEZ.jpg 688w\" sizes=\"(max-width: 123px) 100vw, 123px\" \/><\/p>\n<p style=\"text-align: right;\"><img decoding=\"async\" loading=\"lazy\" class=\"alignnone size-full wp-image-71\" src=\"http:\/\/mobileaccessible.fr\/wp-content\/uploads\/2016\/10\/signatur.jpg\" alt=\"signatur\" width=\"182\" height=\"72\" \/><br \/>\nFabien THIRIEZ<br \/>\nG\u00e9rant<\/p>\n<p>&nbsp;<\/p>\n<p>&nbsp;<\/p>\n<hr \/>\n<hr \/>\n<p>*<sup>5<\/sup> SAV : Service Apr\u00e8s-Vente, Maintenance<\/p>\n","protected":false},"excerpt":{"rendered":"<p>Mobil&amp;Accessible\u00a0a une mission d&rsquo;expertise en accessibilit\u00e9 et en mobilit\u00e9 pour tous en proposant \u00e0 la fois des\u00a0conseils et de la vente de mat\u00e9riel adapt\u00e9. Fort de 17 ann\u00e9es dans le secteur automobile, je suis convaincu que\u00a0des\u00a0solutions de mobilit\u00e9 existent pour donner \u00e0 chacun le droit de vivre en toute autonomie, ce qui n&rsquo;est pas le &hellip; <a href=\"https:\/\/mobileaccessible.fr\/?page_id=23\" class=\"more-link\">Continuer la lecture de <span class=\"screen-reader-text\">Nos engagements<\/span><\/a><\/p>\n","protected":false},"author":1,"featured_media":44,"parent":2,"menu_order":1,"comment_status":"closed","ping_status":"closed","template":"","meta":[],"_links":{"self":[{"href":"https:\/\/mobileaccessible.fr\/index.php?rest_route=\/wp\/v2\/pages\/23"}],"collection":[{"href":"https:\/\/mobileaccessible.fr\/index.php?rest_route=\/wp\/v2\/pages"}],"about":[{"href":"https:\/\/mobileaccessible.fr\/index.php?rest_route=\/wp\/v2\/types\/page"}],"author":[{"embeddable":true,"href":"https:\/\/mobileaccessible.fr\/index.php?rest_route=\/wp\/v2\/users\/1"}],"replies":[{"embeddable":true,"href":"https:\/\/mobileaccessible.fr\/index.php?rest_route=%2Fwp%2Fv2%2Fcomments&post=23"}],"version-history":[{"count":17,"href":"https:\/\/mobileaccessible.fr\/index.php?rest_route=\/wp\/v2\/pages\/23\/revisions"}],"predecessor-version":[{"id":94,"href":"https:\/\/mobileaccessible.fr\/index.php?rest_route=\/wp\/v2\/pages\/23\/revisions\/94"}],"up":[{"embeddable":true,"href":"https:\/\/mobileaccessible.fr\/index.php?rest_route=\/wp\/v2\/pages\/2"}],"wp:featuredmedia":[{"embeddable":true,"href":"https:\/\/mobileaccessible.fr\/index.php?rest_route=\/wp\/v2\/media\/44"}],"wp:attachment":[{"href":"https:\/\/mobileaccessible.fr\/index.php?rest_route=%2Fwp%2Fv2%2Fmedia&parent=23"}],"curies":[{"name":"wp","href":"https:\/\/api.w.org\/{rel}","templated":true}]}}